6 = 0, -4*v - 12 = -2*o. What is the remainder when 4 + (215/(-10))/(2/o) is divided by 29?
18
Suppose 0 = -35*a + 46*a + 132. What is the remainder when 267 is divided by (-168)/(-7)*(-4 + (-75)/a)?
51
Suppose -2*n + n = -30. Calculate the remainder when n is divided by ((-11)/(-33))/((-2)/(-60)).
0
Calculate the remainder when 208 is divided by (-180)/9*((-9)/2 + -3).
58
Calculate the remainder when 539 is divided by 2793/1197*3*31.
105
Suppose 0*y + 5*y + 2 = -r, 4*r - 5*y = 17. Let t = -64 + 59. Calculate the remainder when t/(-13 + 3) + 23/2 is divided by r.
0
Suppose -5*y = 15, y = 2002*n - 1999*n - 558. What is the remainder when n is divided by 87?
11
Suppose -68 = -4*n + 16. Let t(a) = 176*a**2 + 179*a**2 - 4*a**3 + 178*a**2 - 531*a**2 + a. Calculate the remainder when t(-2) is divided by n.
17
Suppose 0 = 276*k - 8545 - 6635. Suppose -3 = -j, 3*c + c = 3*j + 1079. What is the remainder when c is divided by k?
52
Let d(g) = -2*g - 56. Let r be d(-29). Suppose -z + 4*u = r*z - 133, 5*u = z - 26. Calculate the remainder when 100 is divided by z.
49
Suppose 0 = 5*t - 2*f - 435, -5*t + f - 87 = -6*t. Suppose 2*s + 20 = -20. Let c = s + 35. Calculate the remainder when t is divided by c.
12
Suppose -3*t + 116 = 2*q, -6 - 179 = -5*t + 5*q. Calculate the remainder when 118 is divided by t.
4
Suppose 0 = 4*j + 4*j - 16. Suppose q - 40 = 3*t, -j*q + 4*q + 3*t - 125 = 0. What is the remainder when q is divided by 28?
27
Suppose 14*k + 129 = 6*w + 11*k, w + 2*k - 44 = 0. Calculate the remainder when 26986 is divided by w.
24
Let c(f) be the first derivative of -f**4/4 + 2*f**3 - 2*f**2 - 2*f - 22. Let q be c(5). What is the remainder when 21 is divided by (-1)/q*(-131 - 1)/4?
10
Let s = -56 + 96. Let b be 21/2*s/30. Let i(k) = k - 10. What is the remainder when 13 is divided by i(b)?
1
Let c(j) = 32*j**2 + 33*j + 78. What is the remainder when c(-6) is divided by 115?
112
Suppose -22 = t - 59. Suppose 129*w + 7560 = 165*w. Suppose -42*a = -t*a - w. What is the remainder when a is divided by 9?
6
Suppose -5*x = 20, -2*v - 89*x + 86*x + 34 = 0. What is the remainder when 1655 is divided by v?
22
Let v = 91 + -51. Let m(a) = -a + 109. What is the remainder when m(v) is divided by 7?
6
Suppose -2*k + 2*n = -744, 14*k - 18*k + 1537 = 3*n. Calculate the remainder when k is divided by 10.
9
Suppose -4 = -2*r + 22. Suppose -4*x + 110*v + 204 = 112*v, 0 = 4*x - 4*v - 192. What is the remainder when x is divided by r?
11
What is the remainder when 1063 is divided by 4/(-3)*(-4509)/33 + 6/(-33)?
153
Let s = -25109 - -27881. Calculate the remainder when s is divided by 111.
108
Calculate the remainder when -1 - 1192/(-7) - 36/126 is divided by 70.
29
Let z(a) = 2136*a - 7808. Calculate the remainder when z(4) is divided by 123.
121
Let l(q) = q**3 - 6*q**2 + 4*q - 1. Let s be l(5). Suppose 0 = 30*t - 45*t + 300. Calculate the remainder when t is divided by (-3)/(s/(-22))*-1.
9
Let u(v) = 46*v + 1353. What is the remainder when 283 is divided by u(-29)?
17
Let d = 1540 + -1079. Suppose -199 - d = -10*u. What is the remainder when 261 is divided by u?
63
Let v(a) = -2*a + 1709. Calculate the remainder when v(-5) is divided by 75.
69
Let f(q) = -q**2 - q - 2. Let u be f(4). Let w = u - -50. Let m = 170 - 60. What is the remainder when m is divided by w?
26
Suppose -2*k = 10, -5*h + 0*k = -3*k - 1975. Calculate the remainder when h is divided by 158*(18/10 - (-728)/(-560)).
76
Let j be 0 + (1 - 3/3). Suppose j = 3*f - 10 + 1. Suppose 9*y = -16*y + 75. Calculate the remainder when f is divided by y.
0
Suppose -16*s = -14*s - 140. Suppose 3*p + 3*f = 1266, -p = 2*f - 4*f - 407. Calculate the remainder when p is divided by s.
67
Let x = 63 + -28. What is the remainder when (-28)/6*(-36)/14 is divided by -1*x/(-10)*2?
5
Suppose 2895 = 11*s + 398. Suppose -3*v - o + 2*o = -135, 0 = -3*v - o + 141. Calculate the remainder when s is divided by v.
43
Let g be 130*((-7)/(-2) + -3). Suppose -t + g - 28 = 0. Calculate the remainder when 554 is divided by t.
36
Let v = 28 - 17. Suppose -18*h + 49*h - 6355 = 0. Let f = 259 - h. Calculate the remainder when f is divided by v.
10
What is the remainder when ((-39888)/15)/(-6) + (-4)/(-5) is divided by 57?
45
Suppose -3*n - 190 = -6*n - 5*l, 3*l = 4*n - 205. Suppose -54*r = -n*r + 277. What is the remainder when r is divided by 35?
32
Suppose 560*j - 35986 + 964 = 8658. What is the remainder when (-10)/(-15) - (-1814)/6 is divided by j?
69
Let y(q) = -54*q**3 - 24*q**2 - 99*q - 8. Calculate the remainder when y(-4) is divided by 15.
10
Suppose 4*w - 302 = -3*b - 115, 0 = -4*b + 20. Calculate the remainder when w is divided by 34.
9
Suppose 21*p - 15590 = -4292. What is the remainder when p is divided by 114?
82
Calculate the remainder when 1*(-20)/15*474/(-4) is divided by 129.
29
Let y(h) be the second derivative of -h**3/3 + h**2 + h + 1. What is the remainder when 41 is divided by y(-11)?
17
Let u = 515 + -511. Calculate the remainder when 1*(-485)/(-10)*u - 2 is divided by 49.
45
Let w = -6400 + 3996. Calculate the remainder when 3/(-9) + (w/(-12) - -1) is divided by 29.
27
Let l = -4149 + 4552. Calculate the remainder when l is divided by 20.
3
Suppose 0 = 2*h - 3*z - 211, 4*h - 221 = 2*h + z. What is the remainder when h is divided by 38?
37
Suppose -2 + 2 = 9*s. Suppose -11*l + 777 - 95 = s. Let o = -37 + l. Calculate the remainder when o is divided by 17.
8
Let a(u) = 10*u**3 - u**2. Suppose -95 = 2*f - 85. Let d(c) = c**3 + 8*c**2 + 11*c - 6. What is the remainder when d(f) is divided by a(1)?
5
Suppose -309 - 2875 = -3*r + 2045. Calculate the remainder when r is divided by 434.
7
Let u = -5299 - -5497. Calculate the remainder when u is divided by 142.
56
Let p(m) = m. Let v be ((-11)/2 + 1)*(-100)/(-75). Let y be p(v). Calculate the remainder when 26 is divided by ((-56)/y)/((-2)/(-3)).
12
Let l be 66/10 + 36/90. Let s(n) = 3*n - n**2 - 11*n - l*n - 2 + 6. What is the remainder when s(-5) is divided by 20?
14
Suppose -16 + 76 = 3*v. Suppose 2*m = -8 + v. Suppose 0*k = -k - 4, k = 3*l - 73. What is the remainder when l is divided by m?
5
Let c be ((-57)/(-1))/(-7*(-10)/420). Suppose -26*z + 32*z = c. Calculate the remainder when 281 is divided by z.
53
Suppose 2*l + 2 = -2*w, -3*w - 3*l = -l + 5. Suppose -19*k + 1379 = -12*k. Calculate the remainder when k is divided by (-1314)/(-27) - 4/w.
47
What is the remainder when 10 - 258*4/(-12) is divided by 7/70*2 - (-258)/10?
18
Let a = -5 - 19. Let d = 54 + a. Suppose 8*i + d = 10*i. What is the remainder when 73 is divided by i?
13
Let a(g) = 54*g + 314. Let s(c) = 6*c**2 - 3*c - 1. What is the remainder when s(4) is divided by a(-5)?
39
Let h = -8011 + 8782. What is the remainder when h is divided by 186?
27
Let a(f) = 400*f - 3929. Calculate the remainder when 1510 is divided by a(10).
19
Let z(t) = 20*t**2 - 131*t - 4. Calculate the remainder when z(7) is divided by 20.
19
Suppose 0 = -52*b + 72*b - 340. Suppose -3*n = -6, 5*n - 387 = -5*u + 43. Calculate the remainder when u is divided by b.
16
Let s(f) = -3*f - 80. Let x be s(-27). Suppose -5*r - 20 = -5*p + 45, r = -x. Calculate the remainder when 41 is divided by p.
5
Let m = 412 - 180. Suppose 94*r - 86*r - m = 0. What is the remainder when 164 is divided by r?
19
Let m be 4/(((-15)/(-12))/5). Suppose -3*n = -112 + m. Suppose 2*o + 2*t - 96 = -11*t, 2*t = -2*o + 30. Calculate the remainder when n is divided by o.
5
Let d = 240 + -238. Suppose -3*o + 24 = 2*y, -4*o = d*y + 18 - 50. What is the remainder when 150 is divided by o?
6
Suppose -4*n = -3*d + 235, -2*d + 4*n + 101 + 57 = 0. Suppose -5012*q + 5018*q = c + 56, 5*q - 2*c = 42. Calculate the remainder when d is divided by q.
7
Let u(l) = l**3 - 8*l**2 - 18*l - 95. Calculate the remainder when u(14) is divided by 56.
45
Suppose h + 1112 = -d + 1715, -4*h - 5*d = -2413. Calculate the remainder when h is divided by 192.
26
Suppose -41*c + 4661 = 37*c + c. Calculate the remainder when 5841 is divided by c.
0
Suppose 22*b + 144 = 26*b. Suppose 37*g - 555 - 1702 = 0. Calculate the remainder when g is divided by b.
25
Let n = -14964 + 22209. Calculate the remainder when n is divided by 48.
45
Let p be 22/(-55) - 18/5. Suppose -114*a - 537 = -7947. Calculate the 